a9
In base 16, what is -2702de - -28?
-2702b6
In base 12, what is -5 + -67462?
-67467
In base 2, what is -11010011010001 - -1101?
-11010011000100
In base 6, what is 403 - -2132055?
2132502
In base 4, what is 0 - -32110132101?
32110132101
In base 12, what is -67 - -91b3a?
91a93
In base 4, what is 11121210203 - 10332?
11121133211
In base 2, what is 10100000000011 - -1000111000011010?
1011011000011101
In base 12, what is 2 - -652b625?
652b627
In base 9, what is 12 + 407612?
407624
In base 10, what is 29 - -3555019?
3555048
In base 11, what is -284a + -a42?
-3791
In base 10, what is -118 - 1021451?
-1021569
In base 8, what is 3756 - 20177?
-14221
In base 15, what is 1102e4b - 10?
1102e3b
In base 7, what is -61665342 + -2?
-61665344
In base 15, what is 31 + -2b0c14?
-2b0bd3
In base 10, what is -24621373 + 2?
-24621371
In base 15, what is -2b0b70 - a9?
-2b0c29
In base 3, what is -12 + 1221020221022202?
1221020221022120
In base 2, what is 111100111100 - 111001000?
110101110100
In base 15, what is -3 - -743a53?
743a50
In base 11, what is -4 - 63205?
-63209
In base 13, what is 235 + -48b65?
-48930
In base 10, what is 264 - 178514?
-178250
In base 8, what is 67 + -10367070?
-10367001
In base 6, what is 341524442 + -210?
341524232
In base 9, what is 1480474 + 603?
1481177
In base 15, what is 2d564e - -57?
2d56a6
In base 2, what is -11000010000000111110000011 + 101?
-11000010000000111101111110
In base 16, what is -6f + ceb57?
ceae8
In base 8, what is 2070 + 1026315?
1030405
In base 4, what is 11 - 32201330?
-32201313
In base 2, what is -1101100110111110111 + -10011100?
-1101100111010010011
In base 7, what is 5 - -25213105?
25213113
In base 9, what is 1577045 - -16?
1577062
In base 14, what is 1d0 + 9c254?
9c444
In base 13, what is 5aa85b7 + -5?
5aa85b2
In base 10, what is 18 + -2732008?
-2731990
In base 8, what is -63 - 1154567?
-1154652
In base 16, what is -2e - 437?
-465
In base 16, what is 1e - c97?
-c79
In base 8, what is -4 - -534355?
534351
In base 2, what is -11000101000110 - 100000100100?
-11100101101010
In base 10, what is -133478 - -564?
-132914
In base 3, what is -10212 + -2011122221211?
-2011200002200
In base 6, what is -32325 - -152401?
120032
In base 5, what is 2133 - -1000443?
1003131
In base 7, what is 120334242 - 21?
120334221
In base 13, what is 1221b91 + -c?
1221b82
In base 12, what is -3 - -67b7ba1?
67b7b9a
In base 6, what is -3 + 3352233051?
3352233044
In base 4, what is 330232 - -10303?
1001201
In base 10, what is -37 - -36667?
36630
In base 14, what is -133c8 - 2796?
-15b80
In base 11, what is 671aa + -56?
67154
In base 11, what is 548 + -276394?
-275947
In base 14, what is -2 + -10d291d?
-10d2921
In base 11, what is -a7 + 19521?
19425
In base 16, what is -4 - 68e3f?
-68e43
In base 15, what is -6a + -7b4e43?
-7b4ead
In base 5, what is -2214140 - -2314?
-2211321
In base 6, what is -31 + -223343530?
-223344001
In base 9, what is 3305272 - -3?
3305275
In base 15, what is -2431 + 737?
-1be9
In base 6, what is 5 - -3041054123?
3041054132
In base 10, what is -31046010 + 3?
-31046007
In base 9, what is 12202848 - -7?
12202856
In base 4, what is 1323 - -1003310100?
1003312023
In base 7, what is -236164 + -222?
-236416
In base 12, what is -243488 + 2a?
-24345a
In base 11, what is a + 171176?
171185
In base 8, what is -160000470 - 17?
-160000507
In base 7, what is 52533 - -16?
52552
In base 9, what is -1424433 - 64?
-1424507
In base 9, what is 244 + 2270733?
2271077
In base 16, what is -19 + 6af74?
6af5b
In base 10, what is 1258801 - 26?
1258775
In base 8, what is 2 + 127116645?
127116647
In base 5, what is -21244 - 341340?
-413134
In base 3, what is 12220 - 10210012222022?
-10210012202102
In base 16, what is -b0d + 437d?
3870
In base 9, what is -11 + -10583513?
-10583524
In base 7, what is -1366565144 + -15?
-1366565162
In base 16, what is -2b4 - 8ae?
-b62
In base 10, what is 429 + 13839?
14268
In base 14, what is 26 - -366bb0?
366bd6
In base 3, what is 1110 + -2202221100001?
-2202221021121
In base 2, what is 11001 + 1001101111001101101?
1001101111010000110
In base 16, what is -27ef75f - -17?
-27ef748
In base 10, what is -381441720 + -1?
-381441721
In base 7, what is -15 + -2651155?
-2651203
In base 10, what is 4 + -28091483?
-28091479
In base 16, what is -16e80 + b1?
-16dcf
In base 13, what is 131c + 4b797?
4cab6
In base 11, what is -313a30382 + 3?
-313a3037a
In base 16, what is 805 - cac?
-4a7
In base 10, what is 123829 + 477?
124306
In base 12, what is 2931aa + 17?
293205
In base 8, what is 11 - 6363766?
-6363755
In base 5, what is -1014332 - 23144?
-1043031
In base 13, what is 2261303 + 23?
2261326
In base 7, what is -546245542 - 0?
-546245542
In base 10, what is -372206 + -7?
-372213
In base 4, what is 20000011312 + 1?
20000011313
In base 13, what is -1935 + -839?
-2471
In base 7, what is 20430631 + 1?
20430632
In base 5, what is -1441201140231 - -4?
-1441201140222
In base 14, what is 927 + -582?
385
In base 7, what is 640524315 + -3?
640524312
In base 4, what is -1211123 - 21321?
-1233110
In base 11, what is 1909a14 - 1?
1909a13
In base 12, what is -38a330b + -16?
-38a3325
In base 2, what is -1111 - 1010010101010101100101000?
-1010010101010101100110111
In base 11, what is 78 - -12aa1a87?
12aa2054
In base 5, what is 31204 + -213131?
-131422
In base 15, what is 4e3 - -9?
4ec
In base 11, what is -a1569 - 84?
-a1642
In base 14, what is -49282a5 - -2?
-49282a3
In base 6, what is -231223 - -314?
-230505
In base 8, what is 1333621 - -465?
1334306
In base 10, what is 238946 - -31?
238977
In base 14, what is 4 - 13bb9c?
-13bb98
In base 7, what is 3506350 - 4?
3506343
In base 7, what is -20 + 12164416?
12164366
In base 6, what is -330 + 341034350?
341034020
In base 11, what is 46 + 137a09?
137a54
In base 3, what is 20 - -12211101222002?
12211101222022
In base 11, what is 5695a + -6?
56954
In base 7, what is -41 - 22330353?
-22330424
In base 16, what is ba - 2cbd2?
-2cb18
In base 16, what is -ef2de5 + 7?
-ef2dde
In base 16, what is -2421 + e2c?
-15f5
In base 13, what is -3a - -1036?
cc9
In base 15, what is 4 - -db7205?
db7209
In base 10, what is 49466 - -591?
50057
In base 13, what is 1b - 39c59?
-39c3b
In base 9, what is -26263 + 2183?
-24070
In base 4, what is -1 - -302103332303?
302103332302
In base 3, what is 100112001 + -11010120?
12101111
In base 3, what is 2200010 - 11111221101?
-11102021021
In base 11, what is 1a4982910 + 5?
1a4982915
In base 6, what is -30203 - -12321?
-13442
In base 15, what is 1a5db7 - -1e?
1a5dd6
In base 14, what is -26805a5 + 3?
-26805a2
In base 12, what is 1333431 + -3?
133342a
In base 15, what is -121c8eb - 4?
-121c900
In base 7, what is 3 + 4255025255?
4255025261
In base 2, what is -100011110100000 + 1100010111110?
-10111011100010
In base 4, what is -121212220 - 333?
-121213213
In base 8, what is -475425 - -30?
-475375
In base 5, what is -1020 - 3044041011?
-3044042031
In base 4, what is -332232113103 - 2?
-332232113111
In base 4, what is 100113223323012 + -3?
100113223323003
In base 13, what is 19a7 - 1994?
13
In base 8, what is -131644734 - 5?
-131644741
In base 13, what is -1850 - 4155?
-59a5
In base 12, what is 6166 - -18999?
22b43
In base 3, what is 11 - 101012000011200?
-101012000011112
In base 16, what is -1637bfc + -8?
-1637c04
In base 5, what is 31121300 + 22410?
31144210
In base 4, what is 2310110202 - 100?
2310110102
In base 11, what is -30379 - 5700?
-35a79
In base 11, what is -359720274 + 0?
-359720274
In base 8, what is -14217 + 1255?
-12742
In base 3, what is -2202121102101 - -10202?
-2202121021122
In base 4, what is 220 - -22110001?
22110221
In base 13, what is 93169 - -292?
9342b
In base 7, what is -4 + 142131361?
142131354
In base 3, what is 1021122021010222 + 21?
1021122021011020
In base 13, what is 1a68ac + 51c?
1a70cb
In base 2, what is -1001 + 110001110001010101?
110001110001001100
In base 16, what is a7290 - 8?
a7288
In base 4, what is 13301000103 - 222?
13300333221
In base 5, what is 1022 - 24230300?
-24224223
In base 13, what is -29 + -60398?
-603c4
In base 16, what is 19e9 - -4fd2?
69bb
In base 10, what is -48847 + 294?
-48553
In base 3, what is -11002121112212 - 12?
-11002121120001
In base 10, what is 9430 + 5456?
14886
In base 9, what is 107 + -5217717?
-5217610
In base 2, what is 